 0)
58
Calculate (-2 - (-40 + 2)) + (2 - (-2 + 6)).
34
Calculate 6 + -16 - (9 - -27) - -41.
-5
What is 21 + (-1 - -16) + 489 + -552?
-27
What is 989 - 1008 - (-58 - (-6 + 4))?
37
-9 + (-72 - ((-6 - 6 - 1) + -4))
-64
(29 - 29) + (3 - -1) - (26 - 39)
17
46 - (-43 - (-22 - 44 - -36))
59
What is the value of 1 - (5 + 59 + 45)?
-108
-24 + (57 - 77) - -109
65
What is 11 - 50 - 35 - -49?
-25
Evaluate 34 + -24 - (38 - 45 - (17 - 1)).
33
What is the value of 119 + 4 + (-12 - (-4 - (-15 - -6)))?
106
What is the value of (-32 - -3) + (-610 + 641 - (43 - 3))?
-38
What is -50 + (1 - (-13 + -59))?
23
Calculate 4 - (-68 + 69 - (-34 + -2)).
-33
Evaluate -96 + 22 - (-105 + 49).
-18
Evaluate (-16 - 4 - (272 + -294)) + 54 + 0.
56
Evaluate (30 - (7 - (1 - -6))) + -84.
-54
What is 9 - ((18 - -12 - -4) + -4)?
-21
-13 + 12 + 2 + -3 - (-2 + (-1 - -21))
-20
Evaluate (31 - (-18 - -3) - 155) + 28.
-81
What is the value of -5 - (-4 + 80 - (15 - (-14 + 11 - -15)))?
-78
Calculate -11 + (1 + -11 + 17 + -1 - -8).
3
Evaluate -2 + 23 - (55 - (34 - -13)).
13
Evaluate -28 + 0 + -20 + (-5 - -35) + 72.
54
-1 + (21 + -2 - (17 + -24 + 17))
8
What is -29 + (-16 - (33 + -62))?
-16
What is 29 - (-4 + 12 + 15 + -20 + -12)?
38
Evaluate (-47 - 40) + (19 - 27 - -33).
-62
22 - (16 - 6) - 5 - (-7 - -1)
13
2195 - 2362 - (2 - 33 - 3)
-133
15 + (-24 - (-25 + 17 + 8))
-9
Evaluate (-4 - (-5 - 56 - (-10 + 0)) - -1) + -4.
44
54 + -53 - 0 - (0 - -3)
-2
Evaluate 87 + (-37 - (8 + (8 - 28))).
62
Evaluate (7 - (-11 + 54)) + (0 - 0) + 6 + -8.
-38
Calculate 90 + 2 + 0 - (411 - 393).
74
What is 1 + 1 + -12 + 188 + 35 + -114?
99
What is the value of (-56 + 50 - -84) + 9?
87
155 + (-41 - 145) - (1 + -16)
-16
What is -138 + 51 + 39 + 64?
16
What is the value of -23 + (31 - (-34 + 70))?
-28
8 + 1 + 3 + (14 - 20)
6
162 + -183 + (1 - -43) - 21
2
0 + (2 + -2 - -18) + (1255 - 1407)
-134
Calculate -31 + 26 + 3 + -25 + -1.
-28
Evaluate -1 - -13 - (-31 - -51) - (0 + 2 - -62).
-72
-4 - -11 - (327 - 340)
20
-20 + 63 - (-49 + 73 + 7)
12
Evaluate -43 - (38 - (77 + -35)).
-39
What is the value of (1 + 9 - -1) + -111 + (-166 - -264) - -47?
45
What is the value of (-6 - 1) + -14 - -1?
-20
Evaluate 0 + 23 + (21 - 44) + -44.
-44
What is the value of (2 - 1) + -11 - (-32 + (-42 + 48 - -5))?
11
Calculate (-5 + -31 - 14 - -18) + -24.
-56
What is the value of 17 + (-30 - (-12 + -17))?
16
What is (66 - (-142 + 189)) + 28 + -3?
44
Calculate -75 + (91 - (-9 - -53)).
-28
What is the value of (-99 - (-3 + -1)) + (-23 - -30 - -8)?
-80
Calculate -9 + (-51 - 9) - -60.
-9
Calculate (4 - (7 - -11)) + (8 + -6 - 32).
-44
(-1 - -3) + 0 - ((-26 - -76) + (-6 - 37))
-5
Evaluate -1 + -20 + -10 + 20 + 19.
8
Calculate 110 - (193 - 67) - (62 - 0).
-78
(-99 - (-146 + 96)) + 18 + -1
-32
What is -10 - (-22 - (-4 + -1))?
7
What is the value of 21 - ((5 - (2 + 0)) + (2822 - 2838))?
34
Evaluate (-468 - -470) + (0 - -2) + (1 - 46) - -3.
-38
Calculate 0 + -2 - (-17 + 24 - 20 - -39).
-28
Evaluate (13 - 0) + -4 - (38 - 49 - -74).
-54
(1494 - 1473) + 6 + 0
27
Calculate -5 + -30 + (-13 - (3 - (5 - -10 - -7))).
-29
Evaluate -38 - (28 - 27 - 31).
-8
What is (-2555 - -2530) + ((2 - 2) + -13 - 1)?
-39
-4 - 83 - -68 - -43
24
What is 10 + (5 - (-10 - -13)) + 26 + -49?
-11
(36 - (-59 + 167)) + 131
59
What is the value of -9 + 24 + 13 + 0 + (-9 - (-122 + 16))?
125
What is the value of -13 - (-210 + 224 - (-1 - -4))?
-24
Evaluate -207 - -309 - (6 + (-7 - -4) + 0 + 5).
94
Evaluate -2 + -19 + -31 + 56.
4
-44 - ((27 - (39 + -24)) + 1 + -11 + -13)
-33
What is -10 - (-31 - -40 - 39)?
20
What is 62 + (100 - 146) + -98 + 2?
-80
Calculate -3 + 7 - (52 + -11 - 36).
-1
What is the value of (-7 - (6 + -10)) + -33 + 125 + -132?
-43
What is -170 - (-46 - (-9 - -90))?
-43
(-39 - -1) + 47 + -554 + 433
-112
Evaluate (-79 - (10 - (11 - 1))) + 37.
-42
What is the value of -5 + 99 - (652 + -604)?
46
What is the value of -7 + -2 - (15 + -2 + (11 - 15) + -19)?
1
What is the value of 2 + (-10 - -3) + 13 - (7 + -7 + -5)?
13
5 - ((60 - (4 - 6)) + (3 - (-20 + 20)))
-60
What is the value of (20 - -4) + -5 + (-15 - (17 + -49))?
36
What is 10 + (22 - (-13 + 1 - -19))?
25
Evaluate 71 + 14 + (29 - 10 - 31).
73
What is -13 + 29 - (43 - (54 - 21))?
6
Calculate 39 + -19 + (9 + 16 - 30 - (3 - 18)).
30
What is (6208 - 6221) + -3 + -3 + -1 + 4 + -131?
-147
Calculate (25 + -20 - (1 - -99)) + (1538 - 1522).
-79
Calculate -3 + -17 + 2 + (-5 - (29 - 29)).
-23
What is (-40 - (-28 - -22)) + 14 + -9 + 5?
-24
Evaluate -2 + -9 + -22 + -58 + 83.
-8
What is 31 - (14 + (14 - (0 - -12)) + -8)?
23
Evaluate -55 - (-194 - (-34 + -40)).
65
What is the value of -1 + 8 + -32 + 87 + -11 + -33?
18
Calculate -599 - -582 - (-7 - 71).
61
What is the value of -145 - (-22 - (39 + -25 + -10))?
-119
Calculate 50 + (-79 - (-11 + 10)).
-28
Calculate -7 + (-122 - (-23 + -58)).
-48
Calculate -3 + 0 + -75 + (13 - 29) + 43 + -40.
-91
-7 + 51 - (-297 - -252)
89
216 + -225 + (73 - 19) + (1 - 1)
45
Calculate (76 - 115 - -82) + -115.
-72
Evaluate 11 - (-2 + -48 + (-2 + -13 - -19 - 6)).
63
-7349 + 7427 + (-7 - 1 - 0)
70
(1 - 17 - -15) + -11 - (4 + (-41 - -4))
21
Calculate 6 + 2 + (31 - (-1 - -5)) + 5.
40
What is 27 - (1 + (-5 - 17) + 17)?
31
Evaluate -894 + 917 + (5 - 6).
22
What is (12 - 1 - (-267 - -288) - -16) + -25?
-19
-71 - (10 + -86) - (6 - -1)
-2
What is 53 + (45 - (40 + 39))?
19
What is (-6019 - -6058) + (-1 - 16)?
22
What is the value of -1 + 0 - -6 - (27 + -28 - 12)?
18
What is the value of 58 - (70 + (9 - 32)) - (2 + -12)?
21
Calculate -2 + -1 + 104 + -111 + -16.
-26
(3 - 4 - (-3 - 42)) + -299 + 288
33
21 + (42 - 52) - -10
21
What is -6 + (-21 - -11) + -6 + (8 - (7 + -7))?
-14
What is ((-1 - 8) + 55 + -45 + 9 - -19) + 3?
32
Calculate (8 + 4 - (9 - 5)) + 634 + -537.
105
Evaluate -2 - (-12 + 12 + (-3 + 8 + -7 - -65)).
-65
80 - ((-6 - (3 + -25)) + -14 + -6 + 6)
78
Calculate -13 - ((14 - 0) + (-8 - 49) + -4).
34
Evaluate 2 + -12 - (921 - 964).
33
Evaluate -7 + -172 - (-960 + 835).
-54
What is the value of 3 + -58 + 68 + -19 + -2 + 0 + 3?
-5
Calculate 0 - 10 - (-2027 - -2093).
-76
What is -52 + 44 + (8 - 17 - -57)?
40
Calculate -135 + 149 - (5 + -11 - -15).
5
Evaluate 3 + (-2 - 5) + 52 + -35 + -7.
6
What is the value of -4 + -3 - (-1 - -3) - (3 + (122 - 131))?
-3
Calculate (10 - (-3 - -28)) + 11 - 0.
-4
What is -19 - (50 - 50) - 10?
-29
What is the value of -62 - (57 + -70 + -8)?
-41
41 - -2 - (3 + (-8 - -20) + -18)
46
What is the value of 3126 + -3154 - (-9 + -1)?
-18
What is -2 - 1 - ((1 - 5 - -1) + -1094 + 1070)?
24
Calculate 7 + (-132 - 10) + 101.
-34
What is (-712 - -745) + (-43 - 2)?
-12
Calculate -52 - (-49 - (26 - -18)).
41
What is -180 - -166 - (3 + 2)?
-19
Calculate (433 - 482) + 9 + -1 + (27 - 6).
-20
Calculate -8 + -8 + (247 + -258 - (-18 + 1)) + -61.
-71
3 + -46 - (-822 - -725)
54
Evaluate (2 - 4 - 0) + (-80 - -46 - -45) + 11.
20
What is 2 + 16 - (-64 - (-154 + 102))?
30
What is the value of -51 + 0 - (20 + -5 + -2 - (41 - 32))?
-55
What is 71 + -173 + 61 - (-10 + 4)?
-35
Calculate -6 + -2 + (38 - 9) + 14 - (0 - -10).
25
Calculate 4 + -1 - (2 - 4) - (-20 - -34).
-9
Calculate (-17 - -11) + 3 - (-4 - (0 + 6)).
7
Calculate -28 - ((569 - 577) + (6 - 2 - -2)).
-26
What is 7 - (3 + 1 + 12 + 14 + 1)?
-24
Calculate 3243 - 3167 - (2 + 110).
-36
Evaluate (328 - 307 - (2 + 0 + 3)) + (-91 - -1).
-74
Evaluate (-5 - (-5 + (7 - 2) + 0 + -2)) + -7.
-10
What is -53 - -20 - ((-30 - 12 - -20) + 42)?
-53
0 + 4 + 1 - (-46 + 61 - 4)
-6
Calculate 17 - (216 + -139 + (5 - (8 + 5))).
-52
Evaluate -7 - ((14 - -3) + -34) - 26.
-16
Evaluate 2 + -69 + 8130 + -7994.
69
24 - (52 - 28) - (1 + -9)
8
114 + -63 + (31 - 29)
53
-5 + -7 + -10 + (13 - (11 + -13)) + -60
-67
What is the value of -1 + 1 + 20 + 27 + -94?
-47
Evaluate 1 + (-17 - -36) + 18.
38
-1 + (31 - ((26 - 3) + -38))
45
Calculate -2 - -21 - (-15 + 11 + 7).
16
Evaluate 2 + (-8 - (0 - 17)) + 61 + (-2 - -4).
74
362 + -379 + 3 + 27
13
What is 32 + (-37 - (-22 - -8)) - (1 + 97)?
-89
(-7 - (2 + -25 + 11)) + -2 - -3
6
34 - (-49 - (0 + -25) - 0)
58
Calculate (-1 + 5 - (4 + -8 + 6)) + -1084 + 1073.
-9
Evaluate (1 + -2 - (8 - 3)) + 2 - (1 + 30).
-35
(-8 - (1 + 0)) + 164 + 40 + -132
63
Evaluate 29 - 2 - (4 + (-21 - (-9 - 1) - 1)).
35
What is -6 - (16 + -25) - (-18 + -7)?
28
Evaluate 10 - -45 - 30 - 15.
